 - 477 = -7229. What is the units digit of f?
2
Let d = 102 + -264. Suppose 2*g = -2*w - 0*w - 184, 4*g = w - 383. Let h = g - d. What is the tens digit of h?
6
Let r = 15 - 17. Let b be 0*3/((-6)/r). Suppose 3*a - 7*a + 168 = b. What is the tens digit of a?
4
Let a(l) = -l + 3. Let w be a(1). Suppose 55 = x + 5*q, -4*x - w*q = -2*x - 118. What is the units digit of x?
0
Suppose -4*k + 9205 = -3*s, -3182 - 3709 = -3*k - 2*s. What is the thousands digit of k?
2
Let h = 2544 - 1266. What is the units digit of h?
8
Suppose 15*x = 577 + 2588. What is the tens digit of x?
1
Let t be (-6)/15 + (-490)/25. Let r be (1 + -7)*5/(-6). Let h = r - t. What is the units digit of h?
5
Let v(c) = -c**3 + 8*c**2 + 9*c + 3. Let y = 3 - -6. Let h be v(y). Let f = 1 + h. What is the units digit of f?
4
Let n(f) = -4*f**3 - 2*f**2 - 2*f - 1. Let z(i) = i**2 + 7*i - 1. Let v be z(-7). Let w be n(v). Suppose k + 42 = w*k. What is the tens digit of k?
2
Suppose -4*r = -5*y + 471, -y - r + 286 = 2*y. Let d(m) = -266*m**2 + m - 1. Let i be d(1). What is the units digit of (i/y)/(2/(-5))?
7
Suppose 0 = -4*t + 14 + 18. Suppose -o + t = o. What is the units digit of ((-2)/(-4))/(o/144)?
8
What is the units digit of 53/106 - ((-1918)/4 - -1)?
9
Let b be (4 - 2) + -2 + 2 + 3. Let i = 39 - b. What is the tens digit of i?
3
Let x be 1*(4 - (-2)/(-1)). Suppose 3*h + x*c - 120 = -h, -4*h + 120 = 3*c. What is the tens digit of h?
3
Let a = 898 - 358. Suppose 0*u - a = -4*u. Suppose -k - u = -6*k. What is the tens digit of k?
2
Let u(w) = -w**3 + 12*w**2 - 2*w + 8. Let q(o) = -25*o**2 - 10 - 7 + 13*o - 9*o + 2*o**3. Let r(b) = -2*q(b) - 5*u(b). What is the units digit of r(10)?
4
Let t(f) be the first derivative of f**4/4 + f**3 - f**2 + f - 10. Let d be t(1). Suppose -5*p = -d*w + 7*w - 305, 5*p + 2*w = 305. What is the tens digit of p?
6
Let v(l) be the first derivative of 187*l**4/4 - 4*l**3/3 + l**2/2 + l + 30. What is the tens digit of v(1)?
8
Let u(n) = -n**3 + 6*n**2 - n - 5. Let g = 10 - 5. Let x be u(g). Suppose 10*r + 65 = x*r. What is the tens digit of r?
1
Let i(y) = -7*y**2 - 2 + 8*y + y**3 + 8 - 4*y + 3*y. Let q = 7 - 1. What is the tens digit of i(q)?
1
Let z(d) = 3*d**2 + 22*d - 81. What is the hundreds digit of z(14)?
8
Let u be (40/8)/(1/8). Suppose 0 = 4*q + 5*r - u, 3*r + 3 + 10 = 5*q. Let g(d) = 2*d**2 - 6*d - 5. What is the tens digit of g(q)?
1
Suppose 0 = -2*d + 26 + 18. Let v be (-4)/3*561/d. Let n = 52 + v. What is the units digit of n?
8
Let z(g) = g**2 - 8*g - 17. Let s be z(10). What is the units digit of 192/36 - (-2)/s?
6
Let p(d) = d**3 + 9*d**2 - 10*d - 20. Let z be p(-10). What is the units digit of ((-5316)/z)/1 - (-3)/15?
6
Suppose c - 2*c = 0. Let s = -5 - -7. Suppose 0 = -c*i + s*i - 36. What is the units digit of i?
8
What is the hundreds digit of (254/(-8) - 0)/(2/(-8))?
1
Let b(r) = 2*r**2 - 4*r + 1. Let y be b(4). Let z = -11 + y. What is the units digit of 15 + 1/(-2)*z?
2
Let j(d) = -d - 1. Let g be j(1). Suppose -r - 4 = -0. What is the units digit of 153/g*r/6?
1
Suppose -2*k - 17 = 1. What is the units digit of 15*2*1*(-96)/k?
0
Let o(z) = 17*z**2 + 10*z + 10. What is the tens digit of o(-6)?
6
Let s(h) = 28*h**3. Let o = 10 + -5. Suppose 7*r - 5*i = 3*r - 6, o*i - 13 = -3*r. What is the tens digit of s(r)?
2
Suppose -13*c + 21075 = -21253. What is the thousands digit of c?
3
Let a(q) = -q**3 + 14*q**2 + 2. Let l be a(14). What is the tens digit of (l + 1 - -13)*6?
9
Let i be -3 - (3 - (-30)/(-9))*-27. What is the tens digit of (-76)/i*33 - -4?
1
Let a be (-7 - -3)*(-3)/6. Let w(s) = 0*s**2 - 5*s**2 + 3 + 6*s**a. What is the units digit of w(6)?
9
Let k = -60 + 62. What is the tens digit of 1*76 - (2 + -4)/k?
7
Let k(g) = g**2 - 14*g. Let l be k(14). Suppose 0 = -c + 4*c, l = -2*r - 5*c + 28. What is the tens digit of r?
1
Let o = -194 - -348. Suppose -4*t - d = -5*t + o, 0 = 2*t - 3*d - 308. What is the hundreds digit of t?
1
Suppose -3*c + 2*g - 74 = c, 4*c = g - 75. Let x = c + 33. What is the units digit of x?
4
Let q = 762 + 399. What is the tens digit of q?
6
Let a(c) = c + 7. Let i be a(-7). Let y(v) = -2*v**3 - 5*v**2 - v + 1. Let l be y(-6). Suppose i = 5*o - l - 76. What is the tens digit of o?
6
Suppose 44*u = 87199 + 17741. What is the units digit of u?
5
Suppose 5880 = 1190*h - 1186*h. What is the tens digit of h?
7
Let r be ((-3)/2)/(2/4). Let k be (-3 - r) + -1 - -3. Suppose 8 + 28 = k*x. What is the units digit of x?
8
Suppose -2*t - 9*t + 22099 = 0. What is the units digit of t?
9
Let h(u) = 6 + 0*u**3 + 4*u**3 + 124*u - 125*u. What is the units digit of h(2)?
6
Suppose -s + 4*s = -3*w + 120, 0 = 3*w - 5*s - 112. Let r be 141/15 + -1 - 12/30. Suppose 7*z + w = r*z. What is the units digit of z?
9
Suppose -j = -w - 8, -37 + 7 = -3*j + w. Suppose -d + j*d = 1100. What is the units digit of d?
0
Let f be (-18)/24 - 1089/(-12). Suppose 8*r = f - 10. What is the tens digit of r?
1
Let o(r) = 2*r**3 + 6*r**2 + 18*r + 32. What is the hundreds digit of o(11)?
6
Let u = -155 + 319. What is the hundreds digit of u?
1
Let u = 20 - 14. Suppose -u*r = -104 - 130. What is the units digit of r?
9
Let l be 14/(3 - (0 + 5)). Let y be (-15 + 6)*l*1. Suppose -2*x + 5*x = y. What is the units digit of x?
1
Suppose -3*j - 966 = -3*v, v - 3*j - 156 = 164. What is the tens digit of v?
2
Let r = -6 + -4. Let f(c) = -c**2 - 11*c - 5. Let g be f(r). What is the units digit of 2/(g/2 + -2)?
4
Suppose -2*h = 2*c - 3*h + 44, 5*h + 40 = -3*c. What is the units digit of ((-16)/c)/(1/5)?
4
Let d(j) = -j**3 - 12*j**2 - 14*j - 16. Let z be d(-11). Let n = z - 26. Let b = 11 + n. What is the units digit of b?
2
Let c(g) = -21*g. Let k be c(-2). Suppose q + k = 2*q. What is the units digit of (14/q)/(2/48)?
8
What is the units digit of ((-12)/14)/(-6*(-12)/(-10416))?
4
Suppose -8*f = -q - 13*f + 858, 0 = f. What is the units digit of q?
8
Let p = -16 - -20. Suppose o + 0*o - 5*b = 124, 2*o + 4*b = 304. Suppose -5*x = 2*q - 2*x - 88, o = p*q - 2*x. What is the tens digit of q?
3
Suppose -t + 1 - 6 = 0, -h + 23 = -2*t. Let i = h - 6. What is the units digit of i?
7
What is the hundreds digit of 36/8*(-12460)/(-21)?
6
Suppose -80 - 256 = 5*n - 4*h, 3*h - 65 = n. Let k = n + 170. What is the units digit of k?
2
Let n = -315 + 110. Let l = -123 - n. What is the tens digit of l?
8
Let t = 618 - 114. What is the tens digit of t?
0
Suppose 62*b - 59*b = 1407. What is the tens digit of b?
6
Suppose 4*m = -4*l - l + 21, 10 = -2*l + 3*m. Let b be 5*(l + 1 + -1). Suppose 0*p - 55 = -b*p. What is the units digit of p?
1
Suppose 10*h + 4*i - 7074 = 8*h, -4*h = -2*i - 14178. What is the thousands digit of h?
3
Suppose 22*v - 3245 = 4851. What is the hundreds digit of v?
3
Suppose -5*k + 12 = -4*y, -k - 2 = 3*y + 7. Let m(n) = n**3 - n**2 + n + 5. Let x be m(k). Let u = 5 + x. What is the units digit of u?
0
Suppose 2*b - 7 = -15. Let z(x) = x**2 + 5*x. Let a be z(b). Let k(i) = 2*i**2 + 1. What is the units digit of k(a)?
3
Let d(w) = -w**3 - 9*w**2 + 10*w + 2. Let n be d(-7). Let g = 326 + n. What is the units digit of g?
0
Let f be (0 + -1*39)*-1. Suppose -b - 3*i + f = -7, -5 = -5*i. What is the tens digit of b?
4
Let z = 836 + -434. What is the units digit of z?
2
Let j(z) = -3*z + 3*z**2 - 1 - 2 + 9*z**3 + 4 + 54*z**3. What is the units digit of j(1)?
4
Let w(q) = 20*q**3 - q**2 - 21*q + 52. What is the tens digit of w(3)?
2
Let a be 2 + -9 + (-8)/(-4). Let q be (-2)/a*-1*-150. Suppose -3*c + q = c. What is the tens digit of c?
1
Let t be 0 - (-3 - -3)/(-3). Let f be (-1 - -2)*t/(-4). What is the tens digit of 15/(-12)*(-12 - f)?
1
What is the units digit of ((-3760)/(-120))/((-2)/(-36))?
4
Let f(j) = -j**3 - 37*j**2 - 75*j - 97. Let l be f(-35). Let c = 6 - 3. Suppose l = -0*n + c*n. What is the units digit of n?
6
Let x be (-1)/((-2 + 5)/69). Let u be (-2 + 4)*(-9)/2. Let p = u - x. What is the units digit of p?
4
Let n(w) = -4*w + 59. What is the tens digit of n(-21)?
4
Suppose -2 = -4*y - 5*j + 3*j, -2*y - 3*j - 9 = 0. Let b be (-9 - 0)*(-7 + 5). Suppose -y*f = -5*f + b. What is the units digit of f?
9
Let i(b) = b**2 - 9*b + 25. Let h be i(9). Suppose 0 = 22*k - h*k + 576. What is the units digit of k?
2
Let s(o) = o**3 - 4*o**2 - 2*o + 8. Suppose 2*b 